ive of -g**4/4 - 4*g**3/3 + 3*g**2/2 - 6*g + 1. Calculate s(l).
4
Let u(m) = m + 3. Let s be u(-1). Let c(h) = -2*h**2 + 1. Determine c(s).
-7
Let y(q) = q**2 - 5*q + 4. Suppose -2*h - 9 = -3*h. Suppose 4*c - 33 + h = 0. Determine y(c).
10
Let s(x) be the first derivative of x**2/2 - 6*x + 4. Let j(p) = -p - 2. Let h be j(-2). What is s(h)?
-6
Let u(x) = -2*x - 3 - 3 + 0*x. Suppose 5*f - 7 - 6 = -y, y - 4*f + 23 = 0. What is u(y)?
8
Let k(j) = j - 3. Let p be k(5). Suppose 4*f - 7*n + 35 = -2*n, -n = p*f + 7. Let s(c) = -5*c + c**3 + 2*c + 4*c + 5*c**2 + 7. Give s(f).
2
Let c(b) = -b**2 - 3*b - 1. Let q be c(-2). Let l(g) = 5*g**3 + 1 + 2*g**2 - 5*g**3 + 3*g**3 - 2*g. Let t be l(q). Let k(x) = -x**2 + 5*x + 5. Determine k(t).
9
Let v(j) = j**2 + 6*j + 7. Let z(x) = -x**3 + 15*x**2 - 16*x + 21. Suppose 2*q - 38 = -10. Let f be z(q). Calculate v(f).
14
Let j(c) = -4 - 4*c**2 + 3*c + 2*c**2 - 9*c. Determine j(-4).
-12
Let p(h) be the second derivative of h**3/6 - 7*h**2/2 - h. Let c(g) = -g**3 - 5*g**2 + 5*g. Let d be c(-6). Let l be p(d). Let x(w) = w - 1. Calculate x(l).
-2
Let d(v) = 17*v**2 + 1. Let y(m) = m**2 - 4*m + 3. Let u be y(2). Determine d(u).
18
Let t(b) be the second derivative of 5*b**3/6 - 2*b**2 - 22*b. Give t(4).
16
Let k(r) be the third derivative of r**6/120 + 13*r**5/60 - r**4/24 - 7*r**3/3 + 32*r**2. Calculate k(-13).
-1
Let t(u) = 4*u + 3. Let f be (4 - 2)/(-1 - 0). Determine t(f).
-5
Let s(z) be the first derivative of z**4/4 + 2*z**3 + 3*z**2/2 - 3*z + 33. Suppose 4*v = -f + 5*f, 2*v + 10 = 0. Give s(f).
7
Let u = 0 - 0. Let g be 14 + (u - -2 - 5). Let m(w) = 3*w + 2*w**2 - 14 + w**3 + g - 4*w**2. What is m(2)?
3
Suppose 6 = -3*h + 18. Let a(t) = -2*t + 3. What is a(h)?
-5
Suppose i = -0 + 2. Let s(o) = -o**2 + o - 9 - 3*o**2 - i*o**2 + 5*o**2. What is s(0)?
-9
Suppose -3*a + 20 = -4*r, 3*r = 2*a + 6*r + 15. Let i(m) = m**3 - 4*m**2 - 2 - m + 5*m**2 + 2*m**2 - 4*m**2. Determine i(a).
-2
Suppose -34 = -3*f + 32. Suppose 3*b - 6 = -2*k - k, -4*b + f = -3*k. Let d(l) = -l. Give d(b).
-4
Suppose -s - 14 + 7 = 2*m, 0 = -5*s - 3*m. Let x = s + -3. Let u(g) = 0 + x + 6 - 1 + g. Determine u(-4).
1
Let d be 0/((-1)/(-2)*2). Suppose -3*j - j - 2*f + 8 = d, 5*f = -5*j + 15. Let c(k) = k**3 - k**2. Give c(j).
0
Let l(u) = u - 5. Let n(h) = 2*h - 15. Let v(f) = 8*l(f) - 3*n(f). Let m(w) = w + 7. Let t be m(-7). Let s = t - 5. Give v(s).
-5
Let w(h) be the third derivative of -h**4/24 + 2*h**2. Let y be w(1). Let b(c) = -9*c - 1. Give b(y).
8
Let j(d) be the second derivative of -d**4/12 - 5*d**3/6 - 3*d**2 + 19*d. What is j(-4)?
-2
Let m(p) = -1 - 8*p - 8*p + 8*p**2 + 17*p. Determine m(1).
8
Let v be 1*6/(0 - -2). Let b(o) = -7*o**2 + 7*o - 13. Let j(f) = -4*f**2 + 3*f - 7. Suppose 0 = -7*c + 9*c + 10. Let p(u) = c*j(u) + v*b(u). Determine p(5).
1
Let q(p) = -p**2 - 8*p + 8. Let w be q(-8). Let b(i) = i**3 - 7*i**2 - 9*i + 11. What is b(w)?
3
Let m(n) = -7*n**3 - n**2 - n - 1. Let s be m(-1). Let r(t) = -t**3 - 5 + t**2 + 3*t**2 + s*t + 0*t**2. Let b be -10*(2/(-4))/1. Give r(b).
0
Let u(i) = i + 4. Let c be u(-7). Let k be 2/c*(-12)/4. Let h(a) = -a**2 + 3*a + 2. Calculate h(k).
4
Suppose 4*l = -d - 38, -l - 2*d = 2*l + 31. Let m be -2*(3 + l/6). Let u = 5 + m. Let f(a) = a**2 - a + 1. Determine f(u).
3
Let y = -20 - -22. Let m(t) = t**2 - 2*t + 2. What is m(y)?
2
Let l(q) = q**3 + 11*q**2 + 11*q + 11. Let v be l(-10). Suppose -3 = -u, -u - v = 4*o - 0*o. Let i(w) = 5*w**2 - 1. Determine i(o).
4
Let q(j) be the second derivative of -j**3/3 - 5*j**2 - 3*j. Give q(-7).
4
Let d(u) = -7*u + 3*u - 5 + 7*u. Determine d(4).
7
Let t(s) = -s**3 + 7*s**2 + 7*s + 12. Let b be t(8). Let z(h) = -2*h - 2. Calculate z(b).
-10
Let q(o) = -o + 3. Let u = -5 - -7. Suppose -m + 1 + u = 0. What is q(m)?
0
Let g(m) be the third derivative of m**4/8 - m**3/6 + m**2. Let b be (-1)/2*(-6 + 6). Suppose 3*h - 6 = -b*h. Determine g(h).
5
Let u(b) = -5*b**3 + b**2 - b - 1. Let t = 13 - 8. Suppose 4*m - 18 = -5*w, t*w = -0*w + 2*m + 6. Suppose 2*y + w = n, 1 = -2*y - 2*n - 1. Give u(y).
6
Let x(p) = 4*p - 5 - 1 - 6*p. Calculate x(-4).
2
Suppose 0 = -5*p - w - 13 - 7, -4*w - 16 = 4*p. Let o(l) = l**2 + 3*l - 3. Give o(p).
1
Let q(k) = -k**3 + 25*k**2 - 23*k - 25. Let s be q(24). Let f(w) = -6*w**3 - 2*w**2 + 1. Determine f(s).
5
Let j be (4/(-16)*-2)/(2/(-8)). Let v(r) be the second derivative of r**3/2 - r. Give v(j).
-6
Let l(b) = -5*b - 2. Let x(u) be the third derivative of u**5/60 - u**4/4 - 7*u**3/3 + 6*u**2. Let q be x(8). What is l(q)?
-12
Let p(g) = g**2 - 2*g - 4. Let k be p(4). Let u(i) = 4*i**2 + i**3 + 5*i - i - k*i. Suppose -3*d + 5*j = -0*d - 13, -3*d + 8 = -4*j. What is u(d)?
0
Let q(s) = -6*s + 6. Let u(v) be the third derivative of v**4/24 + v**2. Let h(p) = q(p) + 2*u(p). Calculate h(4).
-10
Suppose -5*i - 43 + 18 = -o, -2*o - 4 = -i. Let g be 13/4 - i/(-24). Let n(c) = -g + 7 + 4*c - 3*c. Give n(-4).
0
Let g(u) = -3*u + 6 + 13*u**3 - 5*u - 12*u**3 - 5*u**2. Let a(y) = -y**3 - 5*y**2 + 5*y. Let i be a(-6). Calculate g(i).
-6
Let h(i) = -9*i**2 - 4*i + 11. Let f(x) = -4*x**2 - 2*x + 5. Let u(y) = -7*f(y) + 3*h(y). Give u(-3).
1
Let j(o) = -4*o + 1. Let c(d) = -9*d + 2. Let q(k) = -2*c(k) + 5*j(k). Let p(z) = -10 + z + 3 + z**3 + 5*z**2 - 3*z. Let m be p(-5). Determine q(m).
-5
Let h be (-66)/(-14) - 22/(-77). Let y(m) = -2*m + 5. What is y(h)?
-5
Let g = -10 + 12. Let t(r) = -5*r + 3*r - 2 + 2*r + g*r. What is t(2)?
2
Let b(t) = t + 9. Let a be b(-6). Let i(y) = -a*y - 5 + y**2 + 4*y - 2*y. Calculate i(0).
-5
Let a(k) = k**2 + k - 1. Let d(s) = 0*s**2 - s**2 - s**2 - s - 2 - 2. Let q(y) = 3*a(y) + d(y). Determine q(-5).
8
Let k(y) = -y**2. Let f(v) = 5*v**2 - 8*v + 5. Let d(r) = f(r) + 4*k(r). Determine d(8).
5
Let k be (3/(-2) + 1)*0. Suppose -2*h = -k*f - f + 11, -3*f + h = -18. Let m(z) = -2*z**2 + 8*z - 3. Determine m(f).
-13
Suppose -4*f = 3*i - 2, 2*f - 12 = 4*i - 0*i. Let u(z) = -2*z + 3. Give u(f).
-1
Let r(z) = 3*z - 5. Let j(n) = -3*n - 20. Let u be j(-8). What is r(u)?
7
Let c(v) = v**3 + 2*v**2 + 2*v. Let z be c(-2). Let i(y) = -3*y + 3. Determine i(z).
15
Let v(z) be the second derivative of 0 - 5/6*z**3 - 1/12*z**4 + 4*z - 2*z**2. Give v(-5).
-4
Let t(v) = v + 5. Let i(s) = 2*s + 9. Let f(y) = 4*i(y) - 7*t(y). Let u(z) = -z**2 + 4*z - 2. Let b be u(5). Let p = b + 5. Calculate f(p).
-1
Let z(x) be the second derivative of x + 1/12*x**4 + 0 - 2/5*x**5 + 1/6*x**3 + 0*x**2. Let d(c) = c**2 + 5*c - 1. Let h be d(-5). Give z(h).
8
Let s(n) be the second derivative of -13*n**5/20 + n**4/12 + n**3/3 + n**2/2 - 6*n. Give s(-1).
13
Let y be ((-1)/(-3))/(6/(-18)). Let x(q) = q + 1. Calculate x(y).
0
Suppose -2*d + 3 = -d. Let u(h) = -h**2 - 5*h + 4. Let o be u(-5). Let q(j) = -o + 3*j**3 + 2*j**2 - j - 2*j**3 - 5*j**2. Give q(d).
-7
Let b(p) = 0 + 7 + 5*p - 6. Let i(m) = m**3 + 2*m**2 + m. Let x be i(-2). Determine b(x).
-9
Let x(m) = -m**2 - 6*m + 9. Suppose -15 = 2*g + k, 4*g + 5*k = -13 - 20. Determine x(g).
2
Let k(i) = 13*i**2 + 6*i + 4. Let m(o) = 14*o**2 + 7*o + 5. Let j(l) = -2*l - 3. Let g be j(8). Let n = -13 - g. Let r(f) = n*k(f) - 5*m(f). What is r(1)?
8
Let d(h) = h**3. Let x be d(0). Let n = x + 3. Let m(p) be the third derivative of p**5/60 - p**3/2 + 4*p**2. Give m(n).
6
Let a(c) be the first derivative of -c**3/3 + 7*c**2/2 - c - 7. Give a(6).
5
Let m(w) = w**2 + 7*w - 2. Let r be m(-8). Let j(x) = 2*x - 9. Calculate j(r).
3
Let o be (4/(-5))/((-20)/(-50)). Let c(y) = 2*y**2 + 2*y + 2. What is c(o)?
6
Let u(m) = -2*m + 3. Let p = -1 + 5. Calculate u(p).
-5
Suppose 4*q = x - 14, -3*x + 0*q + 32 = -2*q. Let j(c) = -x*c + 1 + 1 - 4 + 11*c. Give j(3).
1
Suppose -7 = -4*a + 5. Let j(h) = a*h + 3 - h - h. Suppose -3*r + 0 = -12. Calculate j(r).
7
Suppose 0 = -5*q + 32 - 12. Suppose -2*y = 5*o - 1, -2*y + 2 - 10 = -q*o. Let k(n) be the first derivative of n**3/3 + n**2/2 - 2*n + 2. Calculate k(y).
0
Suppose u = 2*n - 29, 2*n - u + 2*u = 27. Suppose n - 4 = -2*t. Let p(y) = -y**2 - 5*y. Determine p(t).
0
Suppose -4*b - 2*d = -3*b + 4, -4*b = d + 2. Let a(n) = 2 + 3*n**2 - n**2 - 3*n**2. What is a(b)?
2
Let x(v) = -3*v - 3. Let c(r) = -r - 1. Suppose u = -3 - 1. Let k(l) = u*c(l) + x(l). What is k(-3)?
-2
Let i(h) = 3*h - 9. L